 6. Let k(b) = b + 5. Let r(g) = -2*k(g) + 3*t(g). Calculate r(-6).
2
Let t(q) = -1 + 1 - 1. Let a(b) = 4*b - 3. Let l(c) = a(c) - 4*t(c). Suppose -2*h + 2 = -0. Determine l(h).
5
Suppose 5*v + t - 3*t = 18, -4*t - 18 = -v. Let p(j) = j**v + 0*j + 8*j + 0*j - 6 + 4. Give p(-6).
-14
Let z(p) = p**2 + 6*p + 5. Let f be (-4)/((-3)/6*-2). Determine z(f).
-3
Suppose -3*k = 2*d - 12, -26 = -4*d + 3*k - 8*k. Suppose 0 = 5*s, 5*s - 3 - d = -2*b. Let f(t) = t**3 - 7*t**2 + 4*t + 8. Calculate f(b).
-4
Let h(s) be the third derivative of s**8/20160 + s**7/1008 + s**6/360 + s**5/15 - 6*s**2. Let c(n) be the third derivative of h(n). What is c(-3)?
-4
Suppose 0*n + 7 = 3*n + 2*m, -3*n + 13 = -4*m. Suppose -2 = -4*t + n*o + 1, -2*o + 9 = t. Suppose -t*c + c = -8. Let k(r) = r - 4. Determine k(c).
0
Let d(q) = q**3 + q**2 + q. Suppose -10 - 5 = -3*g. Let x = g + -1. Suppose -u + i + 3 = -x*i, 3 = -3*i. Give d(u).
-6
Let s(b) be the third derivative of b**5/60 + b**4/8 + b**3/6 + 18*b**2. Determine s(-2).
-1
Let m(n) = -1 - 3 + 5 + 3*n. Give m(-1).
-2
Suppose -2*b = -0*b. Suppose -2 = -2*a - b. Let o(q) = 3*q - 3*q - a - q. Give o(0).
-1
Let f(w) = w**2 + w + 2. Let k be 19/5 - (-2)/10. Let z be 2/k - (-5)/(-10). Let d be 2*1/2*z. Give f(d).
2
Let l(g) be the second derivative of g**4/12 + 2*g**3/3 - 5*g**2 - 5*g. Let x be (-12)/(-10) - 1/5. Let d(n) = -1. Let t(w) = x*l(w) - 3*d(w). Determine t(-5).
-2
Suppose 2*a - 6*a = 0. Suppose -5*j + a*f = -4*f - 22, -3*f - 18 = -4*j. Let s = -4 + j. Let g(w) = 2*w**2 - w - 1. Determine g(s).
5
Let j(n) = -n**3 + 5*n**2 + 8*n - 2. Let h(d) = -d**3 - 7*d**2 - 5*d + 12. Let s be h(-6). Calculate j(s).
10
Let k(i) = 4*i**3 + 2*i**2 + 6*i + 5. Let u be k(-1). Let f(j) = 2*j**2 - 2*j - 2. Calculate f(u).
22
Suppose -5*l - 8 = -33. Let n(t) = 1 - 2*t**2 + t**3 + 5*t**2 - 4*t**2. Let h(w) = 4*w**3 + w**2 - 6*w + 10. Let d(m) = h(m) - 5*n(m). What is d(l)?
0
Let x(q) = -q**3 - q - 1. Suppose -4*z - 208 = -0*z. Let i be (-2)/3 - z/6. Suppose -2*u + 5*t - 5 = 0, -5*t = -i + 3. Calculate x(u).
-1
Let m(r) = 7*r + 1. Let w(b) = b - 1. Let s(d) = -m(d) + 6*w(d). Give s(-4).
-3
Let j(c) = -5*c - 1. Let p = 12 + -13. Determine j(p).
4
Let v(z) = z**2 - 2*z - 4 - 10*z + 13*z. Calculate v(3).
8
Let i(k) be the third derivative of k**5/60 + 7*k**4/24 + k**3 - 8*k**2. Calculate i(-4).
-6
Let c(b) = 3*b + 2*b - 3*b - b**3 - 3. Let z(p) = p + 8. Suppose 5*t - 5*g = -20, -5*t - 38 = 2*g - 4. Let w be z(t). What is c(w)?
-7
Let r(o) be the third derivative of -o**4/24 - o**3/2 + 6*o**2. Determine r(-4).
1
Let i(d) = 2*d**2 - 9*d + 7. Let x(g) = g**2 - 5*g + 3. Let l(t) = 3*i(t) - 7*x(t). Calculate l(6).
12
Let k(d) = -d**2 - 9*d - 4. Let a be k(-6). Let x be (-10)/(-3) + a/21. Suppose 3*r + 4 = -5*s - 3, x*r - 39 = 3*s. Let i(b) = -b + 11. What is i(r)?
5
Let u(j) = j**2 - 5*j + 6. Let f(p) = p**3 - 3*p**2 + 2*p - 2. Let x be f(3). Calculate u(x).
2
Let z(a) be the first derivative of a**2/2 - 2. Suppose -5*f + 2 + 23 = 0. Calculate z(f).
5
Let o(w) = -w**3 + 5*w**2 + 7*w - 3. Let u(j) = -j**3 + 9*j**2 + j - 8. Let y be u(9). Suppose 3*p - 2*p = y, 2*i - 5*p = 7. Calculate o(i).
3
Let j = 19 - 7. Let c = 31 - 39. Let b = c + j. Let k(n) = 2*n**2 - 6*n + 4. Calculate k(b).
12
Let b(g) = -g**2 - 1. Let h(m) = -3*m**2 - m - 11. Let v(l) = -4*b(l) + h(l). Let i = 1 + -1. Let o be 0/(1*(i - 1)). Calculate v(o).
-7
Let x(c) = -2*c**2 + 18*c - 13. Let o be x(8). Let l(w) be the third derivative of w**4/8 - 2*w**3/3 - w**2. Calculate l(o).
5
Let n = -5 + 9. Let a be (2/3)/(n/18). Let y(r) = 3*r - 2. Calculate y(a).
7
Let y(z) be the third derivative of -z**6/120 + z**5/12 + z**4/4 + z**3 + 5*z**2. Give y(6).
6
Suppose -26 = -3*s - 5. Let n(o) = -o**2 + 5*o - 1. Calculate n(s).
-15
Suppose -2 = -5*g + 8. Let z(x) = x**2 - 13*x + 14. Let y be z(12). Let f(s) = 4 - 3 + s**g + 5 - y*s + 9*s. Calculate f(-4).
-6
Let w(m) be the third derivative of -m**8/20160 - m**7/1680 + m**6/360 + m**5/60 + 2*m**2. Let d(c) be the third derivative of w(c). Calculate d(-3).
2
Let o(l) = l**3 + 33*l**2 - 37*l - 99. Let x be o(-34). Let u(f) be the second derivative of f**5/20 - f**4/12 - f**3/2 - 2*f**2 + f. What is u(x)?
5
Let a be (-24)/(-10) + (-2)/5. Let j(r) = -4*r**2 + 4*r + 2*r**2 - 3 + 0*r. Give j(a).
-3
Let t(r) be the third derivative of r**4/12 - r**3 + 6*r**2. What is t(4)?
2
Let c(k) be the first derivative of k**3/3 - k**2/2 - 6*k - 58. Calculate c(5).
14
Let q(f) be the third derivative of -f**5/60 - f**4/8 - f**3/6 - 8*f**2. Give q(-4).
-5
Let x(c) be the first derivative of -5/2*c**2 + 0*c - 1 - 1/3*c**3. Suppose -3*z + 11 = 4*y + y, -5*z - 5*y = -5. Determine x(z).
6
Let y(w) = 1 + 0*w**2 + 4*w**2 - 5*w**2 - 3*w. Suppose 4*j - 20 = 4. Let a = j + -9. What is y(a)?
1
Suppose -6*l + 7*l - 2 = 0. Let b(t) be the first derivative of 2*t - 1/4*t**4 - 3/2*t**2 + l + t**3. Give b(2).
0
Let p(n) = -n**3 + 4*n**2 - 3*n + 6. Let l be 4/(-8)*(-8 + 0). Determine p(l).
-6
Let j = 1 + 0. Let w be 16/10 - (-6)/15. Let q = j - w. Let s(a) = 3*a**2 + a. Calculate s(q).
2
Suppose c = 4*x + 26, -3*c + 2*x = 2*c - 40. Let k(u) = 9*u - 2*u - c*u. Determine k(-1).
-1
Let o = 7 - 7. Let p be o + 3*2/3. Let v(n) = n**2 - 3*n + 2. What is v(p)?
0
Let w(x) be the second derivative of -x**3 + x**2/2 - x. Suppose 0 = -5*z - 5*v - 10, v + 4 = -2*z - 0*v. Let a be (z - -1)/1 - -3. Determine w(a).
-11
Let z(f) = f**2 + 3*f - 5. Let i(r) = r**3 - 5*r**2 + 5*r - 1. Let d be i(4). Suppose -2*c + 4*c + 14 = -5*k, d*c = -5*k - 11. Calculate z(k).
-1
Let n(u) = 9*u + 15. Let t(v) = -5*v - 8. Let k(s) = -6*n(s) - 11*t(s). Calculate k(3).
1
Let u(i) = -i**3 - 2*i**2 + 3*i + 2. Let v be u(-3). Let b(r) = -r + 1. Let c be b(v). Let j be -1 - (2 - 5 - c). Let s(a) = -5*a**2 + 2*a - 1. Determine s(j).
-4
Let v(f) = f - 5. Let d = 25 - 20. Calculate v(d).
0
Suppose o - 4*o + 15 = 3*b, 4*o - 25 = b. Let v(l) = -l**3 + 5*l**2 + 5*l - 4. Calculate v(o).
-10
Let a(o) = o**2 + 2*o + 3. Suppose 11*z = 12*z + 2. Determine a(z).
3
Let y(v) = v**2 + v - 3. Suppose 4*j - 52 = -4*r, 4*j - 3*r = j + 57. Suppose 0 = 3*w - w - 5*l - j, 3*w - 1 = -4*l. Suppose w*a + 9 = -0. Give y(a).
3
Let c(r) be the third derivative of r**6/120 - r**5/20 - r**4/8 - r**3/3 - 5*r**2. Determine c(3).
-11
Let u(j) = 2 - 2 + j + 8*j**2. Suppose -3*d - 3 - 3 = 0. Let h be d/(-3) + 5/(-3). What is u(h)?
7
Let z(g) = g**3 - 5*g**2 + 7*g - 5. Let q(b) = -b. Let a be q(-3). Suppose 0*s + 4 = 2*s, 0 = a*l + 3*s - 18. Suppose 0 = -l*v - 0*v + 16. Determine z(v).
7
Let c(l) = -2*l - 6. Suppose 0 = -2*s - 3*h - 66, -4*s - 112 = -4*h - 0. Let r be ((-2)/5)/((-3)/s). Let b be c(r). Let u(y) = 3*y - 2. What is u(b)?
4
Let j(a) = 11*a**3 - 2*a**2 + 1. Let m be ((-1)/1)/(0 - 1). Determine j(m).
10
Let j(u) = -5*u**2 - 4*u + 10. Let i(s) = -4*s**2 - 4*s + 9. Let n(x) = -6*i(x) + 5*j(x). Determine n(4).
-4
Let w(f) = 5*f + 1. Suppose -y + 0 - 7 = 2*i, 3 = -y. Calculate w(i).
-9
Let r = 7 - 0. Let s(a) = a - 14 - r + 20. Determine s(5).
4
Let p(a) be the second derivative of a**3/6 - a**2 + 27*a. Give p(8).
6
Let f(o) = 5*o - 6*o + 3 + 0 - 4. Determine f(1).
-2
Let x(p) = 2*p**2 - p**2 + 6*p**3 - 13*p**3 + 0*p**2 - 1. Determine x(1).
-7
Let z(l) = l**3 - 2*l**2. Let j be z(1). Let p(x) = x**3 + 1. Determine p(j).
0
Let k be ((0/2)/2)/2. Let h be (-1 - k) + 0 + 1. Let y(b) = b + 6. What is y(h)?
6
Let o(d) be the second derivative of d**6/360 - d**4/4 - 2*d. Let v(k) be the third derivative of o(k). Give v(3).
6
Suppose 2*a - 21 = 5*l + 27, 5*l + 49 = a. Let q = -3 - l. Let j(k) = q*k**2 + 11 - k - k - 10. Calculate j(1).
6
Let j(r) = r**2 - 2*r - 3. Suppose -3*w + 8*w = -5*s + 25, -4*s - 8 = -3*w. Give j(w).
5
Let m(w) = w**3 - 4*w**2 + 5. Let y be m(3). Let o(f) = f**2 + 3*f + 6. Determine o(y).
10
Let s(q) be the third derivative of q**5/12 - q**3/6 - 12*q**2. Let u(f) = f + 7. Let d be u(-6). Let n be 0/2 + d + -2. What is s(n)?
4
Let b(z) = -z - 3. Let x(m) = 0 - 3*m - 6*m**2 + 1 - 5*m**3 + 4*m**3 + m**2. Let w be x(-3). Let i = 8 + w. Give b(i).
-3
Let x(z) = z**3 + z**2 + z + 1. Let p(v) = 3*v**3 + 7*v**2 + 5*v + 7. Let h(s) = p(s) - 5*x(s). Calculate h(2).
-6
Suppose 0 = -2*a - 3 + 5. Suppose 19 = 4*t - 5. Let w(g) = 4 + 5*g**3 - t*g